10*g + 12. Determine y(6).
-12
Let r(f) = 15*f + 18. Determine r(-1).
3
Let i(o) = 2*o**3 + 2*o**2 + 4*o + 4. Calculate i(-3).
-44
Let z(y) = y**3 - 24*y**2 - 4*y + 28. Calculate z(24).
-68
Let p(c) = c**3 - 11*c**2 - 10*c + 205. Give p(10).
5
Let x(w) = 22*w + 21. Calculate x(-3).
-45
Let d(x) = x**3 - 4*x + 4. Calculate d(4).
52
Let z(g) = -g**2 + 4*g + 9. Determine z(7).
-12
Let f(y) = -y**2 - 9*y - 8. What is f(-7)?
6
Let h(n) = -n**3 + 2*n**2 + 4*n - 4. Determine h(3).
-1
Let w(p) = -p**2 - 11*p - 5. Give w(-6).
25
Let b(v) = v**2 - 4*v - 5. Determine b(-2).
7
Let t(r) = -17*r**2 - r + 1. Give t(1).
-17
Let w(t) = -t**3 + 6*t**2 - 8*t + 10. Determine w(5).
-5
Let f(p) = -p - 11. Determine f(6).
-17
Let b(l) = l**3 - 5*l**2 + l + 5. Give b(5).
10
Let w(a) = -10*a**2 - a. Calculate w(-1).
-9
Let r(c) = -2*c**2 + 19*c - 10. Calculate r(8).
14
Let n(x) = -3*x**2 + 11*x + 20. What is n(-2)?
-14
Let z(i) = -2*i - 4. Determine z(-4).
4
Let i(z) = -2*z - 48. Give i(-17).
-14
Let d(b) = -6*b - 149. What is d(-23)?
-11
Let x(s) = 21*s + 2. Give x(-1).
-19
Let b(f) = 7*f**2 - 114*f + 38. Determine b(16).
6
Let c(h) = h**2 + 13*h - 32. What is c(3)?
16
Let o(q) = 2*q**2 - 54*q - 189. Determine o(30).
-9
Let u(i) = -2*i**2 + 4*i + 6. Determine u(3).
0
Let g(k) = -k + 9. Give g(7).
2
Let p(s) = s**2 + 10*s + 12. Give p(-9).
3
Let y(s) = 3*s**2 - 13*s + 6. Calculate y(4).
2
Let a(w) = w**2 - 20*w + 42. Calculate a(19).
23
Let g(m) = -3*m**3 + 2*m**2 - m - 2. What is g(2)?
-20
Let t(s) = -s**2 + 15*s - 20. Calculate t(16).
-36
Let w(u) = u**3 + 9*u**2 + 21*u + 39. What is w(-6)?
21
Let x(k) = k**2 - 24*k - 2. Determine x(24).
-2
Let c(m) = -15*m**2 + 223*m + 39. Calculate c(15).
9
Let y(r) = r - 4. Calculate y(-8).
-12
Let n(u) = -25*u. Calculate n(-1).
25
Let h(z) = z**2 + 2*z - 2. Determine h(-3).
1
Let g(t) = -43*t + 89. Give g(2).
3
Let g(m) = -3*m**2 - 60*m + 13. Determine g(-20).
13
Let z(u) = u**3 - 16*u**2 + 2*u - 41. What is z(16)?
-9
Let b(h) = -h**3 - 22*h**2 + 23*h + 25. What is b(-23)?
25
Let v(j) = -j**2 - 2*j + 5. Give v(2).
-3
Let h(p) = 2*p**2 - 34*p + 37. Determine h(16).
5
Let w(f) = -8*f + 104. Give w(14).
-8
Let q(w) = w**2 + 6*w - 18. What is q(-10)?
22
Let z(i) = i**2 + i - 4. Calculate z(2).
2
Let c(r) = -5*r**2 - 191*r - 31. Give c(-38).
7
Let h(g) = 4*g - 1. What is h(2)?
7
Let u(d) = -d**2 - 3*d + 73. Calculate u(7).
3
Let r(n) = n**2 + n + 2. Give r(-4).
14
Let p(t) = 6*t + 10. What is p(-4)?
-14
Let v(l) = -l**3 - 7*l**2 + 9*l + 2. What is v(-8)?
-6
Let u(r) = -r - 103. Determine u(-19).
-84
Let r(p) = -p**2 + 6*p + 13. Calculate r(4).
21
Let c(w) = 5*w - 2. Give c(0).
-2
Let u(t) = -t + 7. What is u(4)?
3
Let b(k) = k**3 - 10*k**2 - k + 10. What is b(10)?
0
Let i(z) = z - 4. What is i(9)?
5
Let m(n) = -n**3 - 24*n**2 - 84*n - 17. Calculate m(-4).
-1
Let z(c) = -16*c + 119. Calculate z(6).
23
Let d(m) = -m**2 + 21*m - 51. Calculate d(9).
57
Let h(f) = f**3 - 16*f**2 + 12*f + 37. What is h(15)?
-8
Let b(m) = 3*m + 26. Give b(-8).
2
Let x(h) = -h**3 - 5*h**2 - h - 5. What is x(-4)?
-17
Let z(l) = -35*l. Calculate z(3).
-105
Let z(h) = -9*h + 5. Give z(0).
5
Let j(f) = f**2 - 9*f + 9. Determine j(6).
-9
Let p(n) = n**2 - n + 4. Give p(4).
16
Let a(n) = n - 7. Calculate a(-13).
-20
Let a(f) = -f**3 - 33*f**2 + 32*f - 66. Calculate a(-34).
2
Let f(h) = 6*h + 2. Give f(-5).
-28
Let s(q) = 7*q - 2. Calculate s(4).
26
Let s(c) = c**3 + 13*c**2 + 35*c - 14. Determine s(-5).
11
Let g(u) = -u**3 - 24*u**2 + 82*u + 18. Give g(-27).
-9
Let l(k) = -k**3 + 11*k**2 - 10*k - 2. Give l(10).
-2
Let t(s) = -4*s - 14. Calculate t(0).
-14
Let r(h) = -h**3 + 11*h**2 + 8. Calculate r(11).
8
Let b(c) = 2*c - 2. What is b(-13)?
-28
Let f(a) = -a**2 + 13*a - 6. Give f(15).
-36
Let i(c) = -4*c + 29. Give i(10).
-11
Let z(t) = -6*t**3 + 2*t**2 + 3*t + 2. Calculate z(-1).
7
Let p(l) = -8*l + 25. Calculate p(3).
1
Let q(h) = -h**3 - 10*h**2 + 17*h + 11. Give q(-11).
-55
Let a(w) = w**3 + 7*w**2 + 5*w - 7. Give a(-6).
-1
Let p(t) = -t**3 + 5*t**2 + 2*t - 1. What is p(5)?
9
Let r(t) = 24*t - 335. What is r(14)?
1
Let h(j) = -8*j - 57. Determine h(-8).
7
Let u(q) = 21*q - 2. Give u(-2).
-44
Let f(w) = w**3 - 3*w**2 - 5*w + 1. Give f(4).
-3
Let d(a) = a**3 - 28*a**2 - 2*a - 14. What is d(28)?
-70
Let v(u) = u**2 + 4*u + 7. Give v(-3).
4
Let r(v) = -v**2 + 16*v - 49. Give r(5).
6
Let o(x) = -30*x - 113. Give o(-4).
7
Let b(p) = -p - 24. Give b(-27).
3
Let l(f) = 6*f**2 + 3*f + 1. What is l(-3)?
46
Let r(m) = -m - 1. Give r(5).
-6
Let k(w) = -10*w - 86. Determine k(-9).
4
Let a(y) = -8*y - 9. What is a(-14)?
103
Let w(h) = -38*h + 10. Determine w(1).
-28
Let v(w) = -2*w**3 - 4*w + 10. Determine v(3).
-56
Let y(o) = o**2 - 4*o + 1. Calculate y(2).
-3
Let z(v) = 3*v + 2. What is z(-3)?
-7
Let r(f) = 12*f. Give r(-4).
-48
Let g(i) = -i**3 - 15*i**2 - 14*i - 3. What is g(-14)?
-3
Let h(n) = -n**3 - 32*n**2 + 68*n + 1. What is h(-34)?
1
Let t(n) = 73*n - 363. Determine t(5).
2
Let l(j) = -7*j - 29. Determine l(-5).
6
Let o(p) = -p**2 + 12*p - 19. Determine o(9).
8
Let w(f) = f**3 - 3*f**2 - f - 4. Give w(4).
8
Let u(k) = k**2 - 13*k + 9. Determine u(14).
23
Let f(r) = r**3 + 7*r**2 + 5*r - 6. Calculate f(-5).
19
Let l(y) = y**3 + 7*y**2 - y + 8. Determine l(-7).
15
Let w(f) = -28*f - 10. What is w(2)?
-66
Let q(w) = -72*w + 4. Calculate q(1).
-68
Let a(q) = -3*q - 19. Determine a(-8).
5
Let y(l) = -l**3 - 6*l**2 - 5*l - 5. Determine y(-5).
-5
Let k(t) = t**3 + 7*t**2 - 2*t + 11. What is k(-6)?
59
Let s(y) = -y**3 + 7*y**2 + y - 4. What is s(7)?
3
Let l(w) = -5*w**3 + 3*w**2 + 2*w - 1. Give l(-1).
5
Let q(p) = -p**2 + 3*p + 5. Determine q(0).
5
Let l(d) = -61*d**3 + 3*d**2 - d - 1. What is l(1)?
-60
Let a(b) = -28*b + 149. Determine a(5).
9
Let x(a) = a**2 + 4*a - 2. What is x(-5)?
3
Let c(k) = -9*k**2 + 4*k - 3. Determine c(2).
-31
Let d(o) = 3*o**2 - 2. What is d(-2)?
10
Let a(r) = 2*r**3 + 12*r**2 - 18*r - 26. Calculate a(-7).
2
Let z(q) = -3*q**2 + 9*q - 9. What is z(3)?
-9
Let g(k) = k - 13. Determine g(-14).
-27
Let q(c) = -c + 20. Calculate q(18).
2
Let a(k) = 2*k**2 + 45*k + 39. Determine a(-21).
-24
Let q(y) = 3*y**3 + 5*y**2 - 4*y - 4. Give q(-4).
-100
Let f(j) = 3*j**2 + 30*j + 81. Give f(-4).
9
Let y(z) = -51*z + 5. Calculate y(-2).
107
Let q(r) = -22*r - 241. Calculate q(-11).
1
Let g(y) = 4*y - 150. Calculate g(36).
-6
Let q(z) = z**3 + 5*z**2 - 4*z - 6. Determine q(-4).
26
Let d(p) = -p**2 + 29*p + 129. Calculate d(33).
-3
Let s(a) = 3*a + 5. Determine s(8).
29
Let w(u) = 26*u + 67. Determine w(-3).
-11
Let v(i) = -i. Calculate v(15).
-15
Let w(b) = b**3 - 20*b**2 + 23*b - 31. Calculate w(19).
45
Let n(r) = -6*r + 8. What is n(4)?
-16
Let p(b) = -b**3 + 25*b**2 - 26*b + 54. Determine p(24).
6
Let a(r) = r**3 + 3*r**2 - 7*r - 8. What is a(-4)?
4
Let h(o) = -37*o + 1. Determine h(1).
-36
Let r(n) = 35*n - 2. Give r(0).
-2
Let x(z) = z**3 - 9*z**2 + 9*z - 15. Determine x(8).
-7
Let c(g) = g**3 - 5*g**2 - g + 1. Give c(5).
-4
Let q(b) = b**3 - 9*b**2 + 10*b - 11. What is q(8)?
5
Let c(v) = 217*v**2 + v + 2. Determine c(-1).
218
Let y(n) = -n + 5. Give y(-3).
8
Let d(o) = -3*o + 6. Give d(2).
0
Let d(t) = t - 69. Determine d(0).
-69
Let t(x) = -13*x - 45. Calculate t(-4).
7
Let i(b) = -10*b + 3. Calculate i(3).
-27
Let c(p) = p**3 - 22*p**2 + 44*p + 20. Give c(19).
-227
Let b(m) = m**3 + m**2 - m. Give b(0).
0
Let s(q) = 2*q**3 - 5*q**2 + 4*q. Give s(5).
145
Let q(x) = -x**3 - 41*x**2 + 83*x - 125. What is q(-43)?
4
Let b(x) = 2*x**3 + 20*x**2 + 12*x + 37. Determine b(-10).
-83
Let n(w) = -w**3 + 5*w**2 + 4*w + 13. Give n(6).
1
Let k(j) = -2*j - 26. Determine k(-11).
-4
Let t(a) = 3*a**2 + 15*a + 2. Give t(-6).
20
Let j(y) = -y**2 - 71*y - 143. Determine j(-69).
-5
Let f(t) = 68*t + 475. Determine f(-7).
-1
Let o(s) = 5*s + 95. Give o(-19).
0
Let n(f) = 3*f + 13. Give n(0).
13
Let x(p) = -2*p**3 + 101*p**2 - 53*p + 153. What is x(50)?
3
Let o(k) = k**2 - 4. Give o(6).
32
Let h(r) = -r**2 - 3. Calculate h(2).
-7
Let f(d) = d**2 - 24*d + 144. Calculate f(10).
4
Let a(n) = -13*n - 17. Determine a(-7).
74
Let o(y) = y**2 - 16*y - 10. Give o(16).
-10
Let i(n) = n**2 - 22. Determine i(7).
27
Let f(p) = -2*p + 1. What is f(-3)?
7
Let t(o) = -5*o**3 - o**2 - o 